{"id":3699,"date":"2026-03-17T13:20:48","date_gmt":"2026-03-17T12:20:48","guid":{"rendered":"https:\/\/wein-sein.de\/?post_type=tribe_events&#038;p=3699"},"modified":"2026-04-14T12:28:51","modified_gmt":"2026-04-14T10:28:51","slug":"tapas-abend-mit-maresa-und-helene-2","status":"publish","type":"tribe_events","link":"https:\/\/wein-sein.de\/?tribe_events=tapas-abend-mit-maresa-und-helene-2","title":{"rendered":"Tapas Abend mit Maresa und Helene &#8211; ausgebucht"},"content":{"rendered":"<p>Maresa Maier zaubert k\u00f6stliche Tapas, dazu pr\u00e4sentiert Weinakademikerin Helene Wiesehoff passende Weine.<\/p>\n<p>99 Euro inklusive mehrg\u00e4ngiges Men\u00fc, Weine, Wasser, Kaffee.<\/p>\n","protected":false},"excerpt":{"rendered":"<p>Maresa Maier zaubert k\u00f6stliche Tapas, dazu pr\u00e4sentiert Weinakademikerin Helene Wiesehoff passende Weine. 99 Euro inklusive mehrg\u00e4ngiges Men\u00fc, Weine, Wasser, Kaffee.<\/p>\n","protected":false},"author":1,"featured_media":0,"template":"","meta":{"_price":"","_stock":"","_tribe_ticket_header":"","_tribe_default_ticket_provider":"Tribe__Tickets__Commerce__PayPal__Main","_tribe_ticket_capacity":"0","_ticket_start_date":"","_ticket_end_date":"","_tribe_ticket_show_description":"","_tribe_ticket_show_not_going":false,"_tribe_ticket_use_global_stock":"","_tribe_ticket_global_stock_level":"","_global_stock_mode":"","_global_stock_cap":"","_tribe_rsvp_for_event":"","_tribe_ticket_going_count":"","_tribe_ticket_not_going_count":"","_tribe_tickets_list":"[]","_tribe_ticket_has_attendee_info_fields":false,"_tribe_events_status":"","_tribe_events_status_reason":"","footnotes":"","_tec_slr_enabled":"","_tec_slr_layout":""},"tags":[],"tribe_events_cat":[],"class_list":["post-3699","tribe_events","type-tribe_events","status-publish","hentry"],"acf":[],"ticketed":false,"_links":{"self":[{"href":"https:\/\/wein-sein.de\/index.php?rest_route=\/wp\/v2\/tribe_events\/3699","targetHints":{"allow":["GET"]}}],"collection":[{"href":"https:\/\/wein-sein.de\/index.php?rest_route=\/wp\/v2\/tribe_events"}],"about":[{"href":"https:\/\/wein-sein.de\/index.php?rest_route=\/wp\/v2\/types\/tribe_events"}],"author":[{"embeddable":true,"href":"https:\/\/wein-sein.de\/index.php?rest_route=\/wp\/v2\/users\/1"}],"version-history":[{"count":2,"href":"https:\/\/wein-sein.de\/index.php?rest_route=\/wp\/v2\/tribe_events\/3699\/revisions"}],"predecessor-version":[{"id":3748,"href":"https:\/\/wein-sein.de\/index.php?rest_route=\/wp\/v2\/tribe_events\/3699\/revisions\/3748"}],"wp:attachment":[{"href":"https:\/\/wein-sein.de\/index.php?rest_route=%2Fwp%2Fv2%2Fmedia&parent=3699"}],"wp:term":[{"taxonomy":"post_tag","embeddable":true,"href":"https:\/\/wein-sein.de\/index.php?rest_route=%2Fwp%2Fv2%2Ftags&post=3699"},{"taxonomy":"tribe_events_cat","embeddable":true,"href":"https:\/\/wein-sein.de\/index.php?rest_route=%2Fwp%2Fv2%2Ftribe_events_cat&post=3699"}],"curies":[{"name":"wp","href":"https:\/\/api.w.org\/{rel}","templated":true}]}}

<p>Maresa Maier zaubert köstliche Tapas, dazu präsentiert Weinakademikerin Helene Wiesehoff passende Weine.</p>
<p>99 Euro inklusive mehrgängiges Menü, Weine, Wasser, Kaffee.</p>

<p>Maresa Maier zaubert köstliche Tapas, dazu präsentiert Weinakademikerin Helene Wiesehoff passende Weine. 99 Euro inklusive mehrgängiges Menü, Weine, Wasser, Kaffee.</p>
