{"id":3669,"date":"2026-03-11T12:38:28","date_gmt":"2026-03-11T11:38:28","guid":{"rendered":"https:\/\/wein-sein.de\/?post_type=tribe_events&#038;p=3669"},"modified":"2026-04-22T10:48:54","modified_gmt":"2026-04-22T08:48:54","slug":"suedtiroler-abend-mit-ina-cordl","status":"publish","type":"tribe_events","link":"https:\/\/wein-sein.de\/?tribe_events=suedtiroler-abend-mit-ina-cordl","title":{"rendered":"S\u00fcdtiroler Abend mit Ina &#038; Cordl &#8211; ausgebucht"},"content":{"rendered":"<p>Herzhafte Speisen aus S\u00fcdtirol, dazu passende Weine pr\u00e4sentiert von Ina Repetzki.<\/p>\n<p>99 Euro \/ Person inklusive mehrg\u00e4ngiges Men\u00fc, Weine, Wasser, Kaffee<\/p>\n","protected":false},"excerpt":{"rendered":"<p>Herzhafte Speisen aus S\u00fcdtirol, dazu passende Weine pr\u00e4sentiert von Ina Repetzki. 99 Euro \/ Person inklusive mehrg\u00e4ngiges Men\u00fc, Weine, Wasser, Kaffee<\/p>\n","protected":false},"author":1,"featured_media":0,"template":"","meta":{"_price":"","_stock":"","_tribe_ticket_header":"","_tribe_default_ticket_provider":"Tribe__Tickets__Commerce__PayPal__Main","_tribe_ticket_capacity":"0","_ticket_start_date":"","_ticket_end_date":"","_tribe_ticket_show_description":"","_tribe_ticket_show_not_going":false,"_tribe_ticket_use_global_stock":"","_tribe_ticket_global_stock_level":"","_global_stock_mode":"","_global_stock_cap":"","_tribe_rsvp_for_event":"","_tribe_ticket_going_count":"","_tribe_ticket_not_going_count":"","_tribe_tickets_list":"[]","_tribe_ticket_has_attendee_info_fields":false,"_tribe_events_status":"","_tribe_events_status_reason":"","footnotes":"","_tec_slr_enabled":"","_tec_slr_layout":""},"tags":[],"tribe_events_cat":[],"class_list":["post-3669","tribe_events","type-tribe_events","status-publish","hentry"],"acf":[],"ticketed":false,"_links":{"self":[{"href":"https:\/\/wein-sein.de\/index.php?rest_route=\/wp\/v2\/tribe_events\/3669","targetHints":{"allow":["GET"]}}],"collection":[{"href":"https:\/\/wein-sein.de\/index.php?rest_route=\/wp\/v2\/tribe_events"}],"about":[{"href":"https:\/\/wein-sein.de\/index.php?rest_route=\/wp\/v2\/types\/tribe_events"}],"author":[{"embeddable":true,"href":"https:\/\/wein-sein.de\/index.php?rest_route=\/wp\/v2\/users\/1"}],"version-history":[{"count":2,"href":"https:\/\/wein-sein.de\/index.php?rest_route=\/wp\/v2\/tribe_events\/3669\/revisions"}],"predecessor-version":[{"id":3757,"href":"https:\/\/wein-sein.de\/index.php?rest_route=\/wp\/v2\/tribe_events\/3669\/revisions\/3757"}],"wp:attachment":[{"href":"https:\/\/wein-sein.de\/index.php?rest_route=%2Fwp%2Fv2%2Fmedia&parent=3669"}],"wp:term":[{"taxonomy":"post_tag","embeddable":true,"href":"https:\/\/wein-sein.de\/index.php?rest_route=%2Fwp%2Fv2%2Ftags&post=3669"},{"taxonomy":"tribe_events_cat","embeddable":true,"href":"https:\/\/wein-sein.de\/index.php?rest_route=%2Fwp%2Fv2%2Ftribe_events_cat&post=3669"}],"curies":[{"name":"wp","href":"https:\/\/api.w.org\/{rel}","templated":true}]}}

Südtiroler Abend mit Ina &#038; Cordl &#8211; ausgebucht

<p>Herzhafte Speisen aus Südtirol, dazu passende Weine präsentiert von Ina Repetzki.</p>
<p>99 Euro / Person inklusive mehrgängiges Menü, Weine, Wasser, Kaffee</p>

<p>Herzhafte Speisen aus Südtirol, dazu passende Weine präsentiert von Ina Repetzki. 99 Euro / Person inklusive mehrgängiges Menü, Weine, Wasser, Kaffee</p>
